{"id":1215,"date":"2021-03-05T00:41:01","date_gmt":"2021-03-04T17:41:01","guid":{"rendered":"http:\/\/homegy.sonqb.com\/?post_type=product&#038;p=1215"},"modified":"2021-03-05T00:41:01","modified_gmt":"2021-03-04T17:41:01","slug":"den-homegy-skylight-0-6m-doi-3-mau","status":"publish","type":"product","link":"https:\/\/test1.cmsmart.net\/vthouse\/san-pham\/den-homegy-skylight-0-6m-doi-3-mau\/","title":{"rendered":"\u0110\u00e8n HOMEGY skylight 0.6m \u0111\u1ed5i 3 m\u00e0u"},"content":{"rendered":"<div id=\"0a\" class=\"tab_pane\">\n<div class=\"content-post\">\n<table class=\"table table-bordered\">\n<tbody>\n<tr>\n<td>Th\u00f4ng s\u1ed1 k\u1ef9 thu\u1eadt<\/td>\n<td>1200mm<\/td>\n<\/tr>\n<tr>\n<td>\u0110i\u1ec7n \u00e1p \u0111\u1ea7u v\u00e0o<\/td>\n<td>220V\/50Hz<\/td>\n<\/tr>\n<tr>\n<td>Quang th\u00f4ng<\/td>\n<td>1800lumens<\/td>\n<\/tr>\n<tr>\n<td>Tu\u1ed5i th\u1ecd<\/td>\n<td>25000h \u2013 30000h<\/td>\n<\/tr>\n<tr>\n<td>Led chip<\/td>\n<td>Samsung<\/td>\n<\/tr>\n<tr>\n<td>M\u00e0u \u00e1nh s\u00e1ng<\/td>\n<td>3000K \u2013 5000K \u2013 6500K<\/td>\n<\/tr>\n<tr>\n<td>C\u00f4ng su\u1ea5t<\/td>\n<td>18W<\/td>\n<\/tr>\n<tr>\n<td>V\u1eadt li\u1ec7u<\/td>\n<td>Th\u00e2n v\u1ecf: Nh\u00f4m tr\u1eafng<\/td>\n<\/tr>\n<tr>\n<td>M\u00e0u s\u1eafc<\/td>\n<td>Tr\u1eafng<\/td>\n<\/tr>\n<tr>\n<td>\u0110\u1ed9 \u1ea9m m\u00f4i tr\u01b0\u1eddng ho\u1ea1t \u0111\u1ed9ng<\/td>\n<td>\u2264 85%RH<\/td>\n<\/tr>\n<tr>\n<td>Nhi\u1ec7t \u0111\u1ed9 l\u00e0m vi\u1ec7c nh\u1ecf nh\u1ea5t<\/td>\n<td>\u00a00\u00b0C<\/td>\n<\/tr>\n<tr>\n<td>Nhi\u1ec7t \u0111\u1ed9 l\u00e0m vi\u1ec7c l\u1edbn nh\u1ea5t<\/td>\n<td>55\u00b0C<\/td>\n<\/tr>\n<tr>\n<td>K\u00edch th\u01b0\u1edbc<\/td>\n<td>1200x55x30mm<\/td>\n<\/tr>\n<tr>\n<td>Kh\u1ed1i l\u01b0\u1ee3ng 1 s\u1ea3n ph\u1ea9m<\/td>\n<td>220<\/td>\n<\/tr>\n<\/tbody>\n<\/table>\n<\/div>\n<\/div>\n<div id=\"1a\" class=\"tab_pane\">\n<div class=\"content-post\">\n<p>\u2013 \u0110\u00e8n SkyLight c\u00f3 v\u1ecf nh\u00f4m nguy\u00ean kh\u1ed1i s\u01a1n tr\u1eafng, d\u00e0i 60cm, c\u00f4ng su\u1ea5t 18W, c\u00f3 th\u1ec3 l\u1eafp n\u1ed1i ti\u1ebfp nhi\u1ec1u chi\u1ebfc t\u1ea1o th\u00e0nh m\u1ea1ch li\u1ec1n tr\u00ean t\u01b0\u1eddng<\/p>\n<p>\u2013 Chi\u1ebfu s\u00e1ng gi\u00e1n ti\u1ebfp. Nh\u00ecn t\u1eeb d\u01b0\u1edbi kh\u00f4ng th\u1ea5y tr\u1ef1c ti\u1ebfp b\u00f3ng \u0111\u00e8n n\u00ean kh\u00f4ng ch\u00f3i l\u00f3a. L\u1eafp c\u00e1ch m\u1eb7t tr\u1ea7n t\u1ed1i thi\u1ec3u 20cm (th\u01b0\u1eddng l\u00e0 30-40cm). Nh\u1edd h\u1ec7 th\u1ea5u k\u00ednh \u0111\u1eb7c bi\u1ec7t, LED SkyLight c\u00f3 kho\u1ea3ng c\u00e1ch h\u1eaft s\u00e1ng hi\u1ec7u qu\u1ea3 xa g\u1ea5p 4-5 l\u1ea7n \u0111\u00e8n LED tube, LED d\u00e2y.<\/p>\n<p>\u2013 \u0110\u1ed9 s\u00e1ng \u0111\u1ea1t chu\u1ea9n (&gt;300 lux) ho\u1eb7c v\u01b0\u1ee3t chu\u1ea9n (&gt;400 lux) v\u1edbi \u0111\u1ed9 \u0111\u1ed3ng \u0111\u1ec1u cao.<\/p>\n<p>\u2013 Ngu\u1ed3n s\u00e1ng l\u00e0 to\u00e0n b\u1ed9 tr\u1ea7n nh\u00e0 n\u00ean kh\u00f4ng s\u1ea5p b\u00f3ng.<\/p>\n<p>Do \u0111\u00f3 \u0111em l\u1ea1i cho c\u0103n ph\u00f2ng \u00e1nh s\u00e1ng t\u1ecfa \u0111\u1ec1u g\u1ea7n g\u0169i nh\u1ea5t v\u1edbi \u00e1nh s\u00e1ng t\u1ef1 nhi\u00ean, khi\u1ebfn m\u1eaft c\u1ee7a b\u1ea1n lu\u00f4n trong tr\u1ea1ng th\u00e1i th\u01b0 gi\u00e3n v\u00e0 kh\u1ecfe m\u1ea1nh.<\/p>\n<p><b><strong>\u1ee8ng d\u1ee5ng:\u00a0<\/strong><\/b>Cho kh\u00f4ng gian s\u1ed1ng c\u1ee7a h\u1ed9 gia \u0111\u00ecnh, cho ph\u00f2ng l\u00e0m vi\u1ec7c, ph\u00f2ng h\u1ecdp c\u00f4ng s\u1edf, cho l\u1edbp h\u1ecdc<\/p>\n<\/div>\n<\/div>\n","protected":false},"excerpt":{"rendered":"<p>G\u1eafn tr\u00ean t\u01b0\u1eddng \u0111\u1ed1i x\u1ee9ng \u1edf hai ph\u00eda, ho\u1eb7c c\u1ea3 4 ph\u00eda, \u00e1nh s\u00e1ng c\u1ee7a LED Skylight h\u1eaft to\u00e0n b\u1ed9 v\u00e0 d\u00e0n \u0111\u1ec1u l\u00ean to\u00e0n b\u1ed9 m\u1eb7t tr\u1ea7n, t\u1eeb \u0111\u00f3 khu\u1ebfch t\u00e1n \u00e1nh s\u00e1ng lan t\u1ecfa \u0111\u1ec1u xu\u1ed1ng d\u01b0\u1edbi. R\u1ea4T S\u00c1NG m\u00e0 KH\u00d4NG CH\u00d3I L\u00d3A, gi\u00fap th\u01b0 gi\u00e3n m\u1eaft, ph\u00f2ng ch\u1ed1ng c\u1eadn th\u1ecb, nh\u01b0\u1ee3c th\u1ecb, gi\u1ea3m stress v\u00e0 m\u1ec7t m\u1ecfi.<\/p>\n<p>V\u1eadt li\u1ec7u:\u00a0V\u1ecf nh\u00f4m tr\u1eafng<\/p>\n<p>M\u00e0u s\u1eafc:\u00a0Tr\u1eafng<\/p>\n","protected":false},"featured_media":1213,"template":"","meta":{"inline_featured_image":false},"product_cat":[85],"product_tag":[],"yoast_head":"<!-- This site is optimized with the Yoast SEO plugin v20.8 - https:\/\/yoast.com\/wordpress\/plugins\/seo\/ -->\n<title>\u0110\u00e8n HOMEGY skylight 0.6m \u0111\u1ed5i 3 m\u00e0u - SUNTHAO Smarthome<\/title>\n<meta name=\"robots\" content=\"noindex, follow, max-snippet:-1, max-image-preview:large, max-video-preview:-1\" \/>\n<meta property=\"og:locale\" content=\"vi_VN\" \/>\n<meta property=\"og:type\" content=\"article\" \/>\n<meta property=\"og:title\" content=\"\u0110\u00e8n HOMEGY skylight 0.6m \u0111\u1ed5i 3 m\u00e0u - SUNTHAO Smarthome\" \/>\n<meta property=\"og:description\" content=\"G\u1eafn tr\u00ean t\u01b0\u1eddng \u0111\u1ed1i x\u1ee9ng \u1edf hai ph\u00eda, ho\u1eb7c c\u1ea3 4 ph\u00eda, \u00e1nh s\u00e1ng c\u1ee7a LED Skylight h\u1eaft to\u00e0n b\u1ed9 v\u00e0 d\u00e0n \u0111\u1ec1u l\u00ean to\u00e0n b\u1ed9 m\u1eb7t tr\u1ea7n, t\u1eeb \u0111\u00f3 khu\u1ebfch t\u00e1n \u00e1nh s\u00e1ng lan t\u1ecfa \u0111\u1ec1u xu\u1ed1ng d\u01b0\u1edbi. R\u1ea4T S\u00c1NG m\u00e0 KH\u00d4NG CH\u00d3I L\u00d3A, gi\u00fap th\u01b0 gi\u00e3n m\u1eaft, ph\u00f2ng ch\u1ed1ng c\u1eadn th\u1ecb, nh\u01b0\u1ee3c th\u1ecb, gi\u1ea3m stress v\u00e0 m\u1ec7t m\u1ecfi.  V\u1eadt li\u1ec7u:\u00a0V\u1ecf nh\u00f4m tr\u1eafng  M\u00e0u s\u1eafc:\u00a0Tr\u1eafng\" \/>\n<meta property=\"og:url\" content=\"https:\/\/test1.cmsmart.net\/vthouse\/san-pham\/den-homegy-skylight-0-6m-doi-3-mau\/\" \/>\n<meta property=\"og:site_name\" content=\"SUNTHAO Smarthome\" \/>\n<meta property=\"og:image\" content=\"https:\/\/test1.cmsmart.net\/vthouse\/wp-content\/uploads\/2021\/03\/den-homegy-smart-skylight-1-2m.jpg\" \/>\n\t<meta property=\"og:image:width\" content=\"600\" \/>\n\t<meta property=\"og:image:height\" content=\"600\" \/>\n\t<meta property=\"og:image:type\" content=\"image\/jpeg\" \/>\n<meta name=\"twitter:card\" content=\"summary_large_image\" \/>\n<meta name=\"twitter:label1\" content=\"\u01af\u1edbc t\u00ednh th\u1eddi gian \u0111\u1ecdc\" \/>\n\t<meta name=\"twitter:data1\" content=\"1 ph\u00fat\" \/>\n<script type=\"application\/ld+json\" class=\"yoast-schema-graph\">{\"@context\":\"https:\/\/schema.org\",\"@graph\":[{\"@type\":\"WebPage\",\"@id\":\"https:\/\/test1.cmsmart.net\/vthouse\/san-pham\/den-homegy-skylight-0-6m-doi-3-mau\/\",\"url\":\"https:\/\/test1.cmsmart.net\/vthouse\/san-pham\/den-homegy-skylight-0-6m-doi-3-mau\/\",\"name\":\"\u0110\u00e8n HOMEGY skylight 0.6m \u0111\u1ed5i 3 m\u00e0u - SUNTHAO Smarthome\",\"isPartOf\":{\"@id\":\"https:\/\/test1.cmsmart.net\/vthouse\/#website\"},\"datePublished\":\"2021-03-04T17:41:01+00:00\",\"dateModified\":\"2021-03-04T17:41:01+00:00\",\"breadcrumb\":{\"@id\":\"https:\/\/test1.cmsmart.net\/vthouse\/san-pham\/den-homegy-skylight-0-6m-doi-3-mau\/#breadcrumb\"},\"inLanguage\":\"vi\",\"potentialAction\":[{\"@type\":\"ReadAction\",\"target\":[\"https:\/\/test1.cmsmart.net\/vthouse\/san-pham\/den-homegy-skylight-0-6m-doi-3-mau\/\"]}]},{\"@type\":\"BreadcrumbList\",\"@id\":\"https:\/\/test1.cmsmart.net\/vthouse\/san-pham\/den-homegy-skylight-0-6m-doi-3-mau\/#breadcrumb\",\"itemListElement\":[{\"@type\":\"ListItem\",\"position\":1,\"name\":\"Trang ch\u1ee7\",\"item\":\"https:\/\/test1.cmsmart.net\/vthouse\/\"},{\"@type\":\"ListItem\",\"position\":2,\"name\":\"S\u1ea3n ph\u1ea9m\",\"item\":\"https:\/\/test1.cmsmart.net\/vthouse\/san-pham\/\"},{\"@type\":\"ListItem\",\"position\":3,\"name\":\"\u0110\u00e8n HOMEGY skylight 0.6m \u0111\u1ed5i 3 m\u00e0u\"}]},{\"@type\":\"WebSite\",\"@id\":\"https:\/\/test1.cmsmart.net\/vthouse\/#website\",\"url\":\"https:\/\/test1.cmsmart.net\/vthouse\/\",\"name\":\"SUNTHAO Smarthome\",\"description\":\"\",\"potentialAction\":[{\"@type\":\"SearchAction\",\"target\":{\"@type\":\"EntryPoint\",\"urlTemplate\":\"https:\/\/test1.cmsmart.net\/vthouse\/?s={search_term_string}\"},\"query-input\":\"required name=search_term_string\"}],\"inLanguage\":\"vi\"}]}<\/script>\n<!-- \/ Yoast SEO plugin. -->","yoast_head_json":{"title":"\u0110\u00e8n HOMEGY skylight 0.6m \u0111\u1ed5i 3 m\u00e0u - SUNTHAO Smarthome","robots":{"index":"noindex","follow":"follow","max-snippet":"max-snippet:-1","max-image-preview":"max-image-preview:large","max-video-preview":"max-video-preview:-1"},"og_locale":"vi_VN","og_type":"article","og_title":"\u0110\u00e8n HOMEGY skylight 0.6m \u0111\u1ed5i 3 m\u00e0u - SUNTHAO Smarthome","og_description":"G\u1eafn tr\u00ean t\u01b0\u1eddng \u0111\u1ed1i x\u1ee9ng \u1edf hai ph\u00eda, ho\u1eb7c c\u1ea3 4 ph\u00eda, \u00e1nh s\u00e1ng c\u1ee7a LED Skylight h\u1eaft to\u00e0n b\u1ed9 v\u00e0 d\u00e0n \u0111\u1ec1u l\u00ean to\u00e0n b\u1ed9 m\u1eb7t tr\u1ea7n, t\u1eeb \u0111\u00f3 khu\u1ebfch t\u00e1n \u00e1nh s\u00e1ng lan t\u1ecfa \u0111\u1ec1u xu\u1ed1ng d\u01b0\u1edbi. R\u1ea4T S\u00c1NG m\u00e0 KH\u00d4NG CH\u00d3I L\u00d3A, gi\u00fap th\u01b0 gi\u00e3n m\u1eaft, ph\u00f2ng ch\u1ed1ng c\u1eadn th\u1ecb, nh\u01b0\u1ee3c th\u1ecb, gi\u1ea3m stress v\u00e0 m\u1ec7t m\u1ecfi.  V\u1eadt li\u1ec7u:\u00a0V\u1ecf nh\u00f4m tr\u1eafng  M\u00e0u s\u1eafc:\u00a0Tr\u1eafng","og_url":"https:\/\/test1.cmsmart.net\/vthouse\/san-pham\/den-homegy-skylight-0-6m-doi-3-mau\/","og_site_name":"SUNTHAO Smarthome","og_image":[{"width":600,"height":600,"url":"https:\/\/test1.cmsmart.net\/vthouse\/wp-content\/uploads\/2021\/03\/den-homegy-smart-skylight-1-2m.jpg","type":"image\/jpeg"}],"twitter_card":"summary_large_image","twitter_misc":{"\u01af\u1edbc t\u00ednh th\u1eddi gian \u0111\u1ecdc":"1 ph\u00fat"},"schema":{"@context":"https:\/\/schema.org","@graph":[{"@type":"WebPage","@id":"https:\/\/test1.cmsmart.net\/vthouse\/san-pham\/den-homegy-skylight-0-6m-doi-3-mau\/","url":"https:\/\/test1.cmsmart.net\/vthouse\/san-pham\/den-homegy-skylight-0-6m-doi-3-mau\/","name":"\u0110\u00e8n HOMEGY skylight 0.6m \u0111\u1ed5i 3 m\u00e0u - SUNTHAO Smarthome","isPartOf":{"@id":"https:\/\/test1.cmsmart.net\/vthouse\/#website"},"datePublished":"2021-03-04T17:41:01+00:00","dateModified":"2021-03-04T17:41:01+00:00","breadcrumb":{"@id":"https:\/\/test1.cmsmart.net\/vthouse\/san-pham\/den-homegy-skylight-0-6m-doi-3-mau\/#breadcrumb"},"inLanguage":"vi","potentialAction":[{"@type":"ReadAction","target":["https:\/\/test1.cmsmart.net\/vthouse\/san-pham\/den-homegy-skylight-0-6m-doi-3-mau\/"]}]},{"@type":"BreadcrumbList","@id":"https:\/\/test1.cmsmart.net\/vthouse\/san-pham\/den-homegy-skylight-0-6m-doi-3-mau\/#breadcrumb","itemListElement":[{"@type":"ListItem","position":1,"name":"Trang ch\u1ee7","item":"https:\/\/test1.cmsmart.net\/vthouse\/"},{"@type":"ListItem","position":2,"name":"S\u1ea3n ph\u1ea9m","item":"https:\/\/test1.cmsmart.net\/vthouse\/san-pham\/"},{"@type":"ListItem","position":3,"name":"\u0110\u00e8n HOMEGY skylight 0.6m \u0111\u1ed5i 3 m\u00e0u"}]},{"@type":"WebSite","@id":"https:\/\/test1.cmsmart.net\/vthouse\/#website","url":"https:\/\/test1.cmsmart.net\/vthouse\/","name":"SUNTHAO Smarthome","description":"","potentialAction":[{"@type":"SearchAction","target":{"@type":"EntryPoint","urlTemplate":"https:\/\/test1.cmsmart.net\/vthouse\/?s={search_term_string}"},"query-input":"required name=search_term_string"}],"inLanguage":"vi"}]}},"_links":{"self":[{"href":"https:\/\/test1.cmsmart.net\/vthouse\/wp-json\/wp\/v2\/product\/1215"}],"collection":[{"href":"https:\/\/test1.cmsmart.net\/vthouse\/wp-json\/wp\/v2\/product"}],"about":[{"href":"https:\/\/test1.cmsmart.net\/vthouse\/wp-json\/wp\/v2\/types\/product"}],"wp:featuredmedia":[{"embeddable":true,"href":"https:\/\/test1.cmsmart.net\/vthouse\/wp-json\/wp\/v2\/media\/1213"}],"wp:attachment":[{"href":"https:\/\/test1.cmsmart.net\/vthouse\/wp-json\/wp\/v2\/media?parent=1215"}],"wp:term":[{"taxonomy":"product_cat","embeddable":true,"href":"https:\/\/test1.cmsmart.net\/vthouse\/wp-json\/wp\/v2\/product_cat?post=1215"},{"taxonomy":"product_tag","embeddable":true,"href":"https:\/\/test1.cmsmart.net\/vthouse\/wp-json\/wp\/v2\/product_tag?post=1215"}],"curies":[{"name":"wp","href":"https:\/\/api.w.org\/{rel}","templated":true}]}}