{"id":1197,"date":"2021-03-05T00:17:44","date_gmt":"2021-03-04T17:17:44","guid":{"rendered":"http:\/\/homegy.sonqb.com\/?post_type=product&#038;p=1197"},"modified":"2021-03-05T00:17:44","modified_gmt":"2021-03-04T17:17:44","slug":"o-cam-dien-thong-minh","status":"publish","type":"product","link":"https:\/\/test1.cmsmart.net\/vthouse\/san-pham\/o-cam-dien-thong-minh\/","title":{"rendered":"\u1ed4 c\u1eafm \u0111i\u1ec7n th\u00f4ng minh"},"content":{"rendered":"<div id=\"0a\" class=\"tab_pane\">\n<div class=\"content-post\">\n<p class=\"p-first-class\">H\u00ecnh vu\u00f4ng\/ h\u00ecnh ch\u1eef nh\u1eadt<\/p>\n<table class=\"table table-bordered\">\n<tbody>\n<tr>\n<td>D\u1ea3i \u0111i\u1ec7n \u00e1p l\u00e0m vi\u1ec7c<\/td>\n<td>100\u00f7250Vac\/50\u00f760Hz<\/td>\n<\/tr>\n<tr>\n<td>Ch\u1ecbu \u0111\u01b0\u1ee3c d\u00f2ng \u0111i\u1ec7n t\u1ed1i \u0111a t\u1ea1i 1 \u1ed5 c\u1eafm<\/td>\n<td>16A<\/td>\n<\/tr>\n<tr>\n<td>V\u1eadt li\u1ec7u<\/td>\n<td>\u2013 M\u1eb7t k\u00ednh c\u01b0\u1eddng l\u1ef1c<br \/>\n\u2013 Th\u00e2n v\u1ecf: Nh\u1ef1a ABS<br \/>\n\u2013 Vi\u1ec1n nh\u00f4m: Anode h\u00f3a<\/td>\n<\/tr>\n<tr>\n<td>M\u00e0u k\u00ednh<\/td>\n<td>\u0110en ho\u1eb7c Tr\u1eafng<\/td>\n<\/tr>\n<tr>\n<td>\u0110\u1ed9 \u1ea9m ho\u1ea1t \u0111\u1ed9ng t\u1ed1i \u0111a<\/td>\n<td>95%RH<\/td>\n<\/tr>\n<tr>\n<td>Nhi\u1ec7t \u0111\u1ed9 ho\u1ea1t \u0111\u1ed9ng<\/td>\n<td>0\u00b0C \u00f7 55\u00b0C<\/td>\n<\/tr>\n<tr>\n<td>K\u00edch th\u01b0\u1edbc<\/td>\n<td>HV: 95x95x30<br \/>\nHCN: 122x80x30<\/td>\n<\/tr>\n<tr>\n<td>Kh\u1ed1i l\u01b0\u1ee3ng 1 s\u1ea3n ph\u1ea9m (gam)<\/td>\n<td>HV: 130<br \/>\nHCN: 130<\/td>\n<\/tr>\n<tr>\n<td>Th\u1eddi gian b\u1ea3o h\u00e0nh<\/td>\n<td>3 n\u0103m<\/td>\n<\/tr>\n<tr>\n<td><\/td>\n<td><\/td>\n<\/tr>\n<\/tbody>\n<\/table>\n<\/div>\n<\/div>\n<div id=\"1a\" class=\"tab_pane\">\n<div class=\"content-post\">\n<p><strong>T\u00ednh n\u0103ng ch\u00ednh c\u1ee7a \u1ed5 c\u1eafm \u0111i\u1ec7n th\u00f4ng minh:<\/strong><\/p>\n<ul>\n<li>\u1ed4 c\u1eafm ho\u1ea1t \u0111\u1ed9ng kh\u00f4ng c\u1ea7n qua c\u00e1c hub \u0111i\u1ec1u khi\u1ec3n trung t\u00e2m m\u00e0 k\u1ebft n\u1ed1i tr\u1ef1c ti\u1ebfp v\u1edbi Wifi.<\/li>\n<li>M\u1eb7t \u1ed5 c\u1eafm s\u1eed d\u1ee5ng k\u00ednh c\u01b0\u1eddng l\u1ef1c s\u00e1ng b\u00f3ng kh\u00f4ng tr\u1ea7y x\u01b0\u1edbc, th\u1eddi trang, b\u1ec1n, v\u00e0 an to\u00e0n cao.<\/li>\n<li>C\u00f3 n\u1eafp che ch\u1ed1ng gi\u1eadt, an to\u00e0n cho tr\u1ebb nh\u1ecf.<\/li>\n<li>L\u00ean l\u1ecbch tr\u00ecnh t\u1eaft m\u1edf ngu\u1ed3n thi\u1ebft b\u1ecb \u0111i\u1ec7n m\u1ed9t c\u00e1ch t\u1ef1 \u0111\u1ed9ng theo \u00fd mu\u1ed1n, nh\u01b0 l\u00e0 b\u1eadt \u0111\u00e8n khi tr\u1eddi t\u1ed1i v\u00e0 t\u1eaft \u0111\u00e8n khi tr\u1eddi s\u00e1ng.<\/li>\n<li>Ph\u1ed1i h\u1ee3p ng\u1eef c\u1ea3nh linh ho\u1ea1t v\u1edbi c\u00e1c thi\u1ebft b\u1ecb kh\u00e1c.<\/li>\n<li>T\u00edch h\u1ee3p ch\u1ee9c n\u0103ng \u0111o \u0111i\u1ec7n n\u0103ng ti\u00eau th\u1ee5 v\u00e0 gi\u00e1m s\u00e1t ch\u1ec9 s\u1ed1 \u0111i\u1ec7n \u00e1p v\u00e0 d\u00f2ng \u0111i\u1ec7n c\u1ee7a ngu\u1ed3n \u0111i\u1ec7n.<\/li>\n<li>Thi\u1ebft k\u1ebf th\u1eddi trang v\u00e0 th\u00f4ng minh l\u00e0m t\u0103ng gi\u00e1 tr\u1ecb cho ng\u00f4i nh\u00e0 th\u00e2n y\u00eau c\u1ee7a b\u1ea1n.<\/li>\n<li>B\u1ea1n s\u1ebd kh\u00f4ng bao gi\u1edd lo l\u1eafng n\u1eefa khi ra nh\u00e0 m\u00e0 qu\u00ean t\u1eaft thi\u1ebft b\u1ecb.<\/li>\n<li>\u0110i\u1ec1u khi\u1ec3n \u1ed5 c\u1eafm th\u00f4ng minh b\u1eb1ng gi\u1ecdng n\u00f3i v\u1edbi\u00a0<a href=\"https:\/\/gucongnghe.com\/google\/\" target=\"_blank\" rel=\"noopener noreferrer\">tr\u1ee3 l\u00fd \u1ea3o\u00a0Google<\/a>\u00a0v\u00e0\u00a0<a href=\"https:\/\/gucongnghe.com\/alexa\/\" target=\"_blank\" rel=\"noopener noreferrer\">Amazon<\/a>.<\/li>\n<li>Chia s\u1ebb thi\u1ebft b\u1ecb gi\u1eefa c\u00e1c th\u00e0nh vi\u00ean trong gia \u0111\u00ecnh.<\/li>\n<\/ul>\n<\/div>\n<\/div>\n","protected":false},"excerpt":{"rendered":"<p>M\u1eb7t k\u00ednh c\u01b0\u1eddng l\u1ef1c th\u1ea9m m\u1ef9 cao c\u1ea5p, ch\u1ed1ng tr\u1ea7y x\u01b0\u1edbc. \u1ed4 c\u1eafm d\u1ea1ng \u0111a n\u0103ng c\u00f3 th\u1ec3 c\u1eafm \u0111\u01b0\u1ee3c ch\u00e2n tr\u00f2n ho\u1eb7c d\u1eb9t, gi\u1eafc c\u1eafm ch\u00e2n 2 ho\u1eb7c ch\u00e2n 3. \u1ed4 c\u1eafm c\u00f3 n\u1eafp che an to\u00e0n cho tr\u1ebb nh\u1ecf v\u00e0 tr\u00e1nh b\u1ee5i khi kh\u00f4ng c\u1eafm thi\u1ebft b\u1ecb \u0111i\u1ec7n. T\u00f9y ch\u1ecdn m\u00e0u tr\u1eafng ho\u1eb7c \u0111en.<\/p>\n<p>H\u00ecnh vu\u00f4ng\/ h\u00ecnh ch\u1eef nh\u1eadt<\/p>\n<p>Ch\u1ecbu \u0111\u01b0\u1ee3c d\u00f2ng \u0111i\u1ec7n t\u1ed1i \u0111a 1 \u1ed5 c\u1eafm:\u00a016A<\/p>\n<p>V\u1eadt li\u1ec7u:<\/p>\n<p>\u2013 M\u1eb7t k\u00ednh:\u00a0C\u01b0\u1eddng l\u1ef1c<br \/>\n\u2013 Th\u00e2n v\u1ecf:\u00a0Nh\u1ef1a ABS<br \/>\n\u2013 Vi\u1ec1n nh\u00f4m:\u00a0Anode h\u00f3a<\/p>\n<p>M\u00e0u k\u00ednh:\u00a0\u0110en ho\u1eb7c Tr\u1eafng<\/p>\n","protected":false},"featured_media":1198,"template":"","meta":{"inline_featured_image":false},"product_cat":[87],"product_tag":[],"yoast_head":"<!-- This site is optimized with the Yoast SEO plugin v20.8 - https:\/\/yoast.com\/wordpress\/plugins\/seo\/ -->\n<title>\u1ed4 c\u1eafm \u0111i\u1ec7n th\u00f4ng minh - SUNTHAO Smarthome<\/title>\n<meta name=\"robots\" content=\"noindex, follow, max-snippet:-1, max-image-preview:large, max-video-preview:-1\" \/>\n<meta property=\"og:locale\" content=\"vi_VN\" \/>\n<meta property=\"og:type\" content=\"article\" \/>\n<meta property=\"og:title\" content=\"\u1ed4 c\u1eafm \u0111i\u1ec7n th\u00f4ng minh - SUNTHAO Smarthome\" \/>\n<meta property=\"og:description\" content=\"M\u1eb7t k\u00ednh c\u01b0\u1eddng l\u1ef1c th\u1ea9m m\u1ef9 cao c\u1ea5p, ch\u1ed1ng tr\u1ea7y x\u01b0\u1edbc. \u1ed4 c\u1eafm d\u1ea1ng \u0111a n\u0103ng c\u00f3 th\u1ec3 c\u1eafm \u0111\u01b0\u1ee3c ch\u00e2n tr\u00f2n ho\u1eb7c d\u1eb9t, gi\u1eafc c\u1eafm ch\u00e2n 2 ho\u1eb7c ch\u00e2n 3. \u1ed4 c\u1eafm c\u00f3 n\u1eafp che an to\u00e0n cho tr\u1ebb nh\u1ecf v\u00e0 tr\u00e1nh b\u1ee5i khi kh\u00f4ng c\u1eafm thi\u1ebft b\u1ecb \u0111i\u1ec7n. T\u00f9y ch\u1ecdn m\u00e0u tr\u1eafng ho\u1eb7c \u0111en.  H\u00ecnh vu\u00f4ng\/ h\u00ecnh ch\u1eef nh\u1eadt  Ch\u1ecbu \u0111\u01b0\u1ee3c d\u00f2ng \u0111i\u1ec7n t\u1ed1i \u0111a 1 \u1ed5 c\u1eafm:\u00a016A  V\u1eadt li\u1ec7u:  \u2013 M\u1eb7t k\u00ednh:\u00a0C\u01b0\u1eddng l\u1ef1c \u2013 Th\u00e2n v\u1ecf:\u00a0Nh\u1ef1a ABS \u2013 Vi\u1ec1n nh\u00f4m:\u00a0Anode h\u00f3a  M\u00e0u k\u00ednh:\u00a0\u0110en ho\u1eb7c Tr\u1eafng\" \/>\n<meta property=\"og:url\" content=\"https:\/\/test1.cmsmart.net\/vthouse\/san-pham\/o-cam-dien-thong-minh\/\" \/>\n<meta property=\"og:site_name\" content=\"SUNTHAO Smarthome\" \/>\n<meta property=\"og:image\" content=\"https:\/\/test1.cmsmart.net\/vthouse\/wp-content\/uploads\/2021\/03\/o-cam-dien-thong-minh-1.jpg\" \/>\n\t<meta property=\"og:image:width\" content=\"600\" \/>\n\t<meta property=\"og:image:height\" content=\"600\" \/>\n\t<meta property=\"og:image:type\" content=\"image\/jpeg\" \/>\n<meta name=\"twitter:card\" content=\"summary_large_image\" \/>\n<meta name=\"twitter:label1\" content=\"\u01af\u1edbc t\u00ednh th\u1eddi gian \u0111\u1ecdc\" \/>\n\t<meta name=\"twitter:data1\" content=\"2 ph\u00fat\" \/>\n<script type=\"application\/ld+json\" class=\"yoast-schema-graph\">{\"@context\":\"https:\/\/schema.org\",\"@graph\":[{\"@type\":\"WebPage\",\"@id\":\"https:\/\/test1.cmsmart.net\/vthouse\/san-pham\/o-cam-dien-thong-minh\/\",\"url\":\"https:\/\/test1.cmsmart.net\/vthouse\/san-pham\/o-cam-dien-thong-minh\/\",\"name\":\"\u1ed4 c\u1eafm \u0111i\u1ec7n th\u00f4ng minh - SUNTHAO Smarthome\",\"isPartOf\":{\"@id\":\"https:\/\/test1.cmsmart.net\/vthouse\/#website\"},\"datePublished\":\"2021-03-04T17:17:44+00:00\",\"dateModified\":\"2021-03-04T17:17:44+00:00\",\"breadcrumb\":{\"@id\":\"https:\/\/test1.cmsmart.net\/vthouse\/san-pham\/o-cam-dien-thong-minh\/#breadcrumb\"},\"inLanguage\":\"vi\",\"potentialAction\":[{\"@type\":\"ReadAction\",\"target\":[\"https:\/\/test1.cmsmart.net\/vthouse\/san-pham\/o-cam-dien-thong-minh\/\"]}]},{\"@type\":\"BreadcrumbList\",\"@id\":\"https:\/\/test1.cmsmart.net\/vthouse\/san-pham\/o-cam-dien-thong-minh\/#breadcrumb\",\"itemListElement\":[{\"@type\":\"ListItem\",\"position\":1,\"name\":\"Trang ch\u1ee7\",\"item\":\"https:\/\/test1.cmsmart.net\/vthouse\/\"},{\"@type\":\"ListItem\",\"position\":2,\"name\":\"S\u1ea3n ph\u1ea9m\",\"item\":\"https:\/\/test1.cmsmart.net\/vthouse\/san-pham\/\"},{\"@type\":\"ListItem\",\"position\":3,\"name\":\"\u1ed4 c\u1eafm \u0111i\u1ec7n th\u00f4ng minh\"}]},{\"@type\":\"WebSite\",\"@id\":\"https:\/\/test1.cmsmart.net\/vthouse\/#website\",\"url\":\"https:\/\/test1.cmsmart.net\/vthouse\/\",\"name\":\"SUNTHAO Smarthome\",\"description\":\"\",\"potentialAction\":[{\"@type\":\"SearchAction\",\"target\":{\"@type\":\"EntryPoint\",\"urlTemplate\":\"https:\/\/test1.cmsmart.net\/vthouse\/?s={search_term_string}\"},\"query-input\":\"required name=search_term_string\"}],\"inLanguage\":\"vi\"}]}<\/script>\n<!-- \/ Yoast SEO plugin. -->","yoast_head_json":{"title":"\u1ed4 c\u1eafm \u0111i\u1ec7n th\u00f4ng minh - SUNTHAO Smarthome","robots":{"index":"noindex","follow":"follow","max-snippet":"max-snippet:-1","max-image-preview":"max-image-preview:large","max-video-preview":"max-video-preview:-1"},"og_locale":"vi_VN","og_type":"article","og_title":"\u1ed4 c\u1eafm \u0111i\u1ec7n th\u00f4ng minh - SUNTHAO Smarthome","og_description":"M\u1eb7t k\u00ednh c\u01b0\u1eddng l\u1ef1c th\u1ea9m m\u1ef9 cao c\u1ea5p, ch\u1ed1ng tr\u1ea7y x\u01b0\u1edbc. \u1ed4 c\u1eafm d\u1ea1ng \u0111a n\u0103ng c\u00f3 th\u1ec3 c\u1eafm \u0111\u01b0\u1ee3c ch\u00e2n tr\u00f2n ho\u1eb7c d\u1eb9t, gi\u1eafc c\u1eafm ch\u00e2n 2 ho\u1eb7c ch\u00e2n 3. \u1ed4 c\u1eafm c\u00f3 n\u1eafp che an to\u00e0n cho tr\u1ebb nh\u1ecf v\u00e0 tr\u00e1nh b\u1ee5i khi kh\u00f4ng c\u1eafm thi\u1ebft b\u1ecb \u0111i\u1ec7n. T\u00f9y ch\u1ecdn m\u00e0u tr\u1eafng ho\u1eb7c \u0111en.  H\u00ecnh vu\u00f4ng\/ h\u00ecnh ch\u1eef nh\u1eadt  Ch\u1ecbu \u0111\u01b0\u1ee3c d\u00f2ng \u0111i\u1ec7n t\u1ed1i \u0111a 1 \u1ed5 c\u1eafm:\u00a016A  V\u1eadt li\u1ec7u:  \u2013 M\u1eb7t k\u00ednh:\u00a0C\u01b0\u1eddng l\u1ef1c \u2013 Th\u00e2n v\u1ecf:\u00a0Nh\u1ef1a ABS \u2013 Vi\u1ec1n nh\u00f4m:\u00a0Anode h\u00f3a  M\u00e0u k\u00ednh:\u00a0\u0110en ho\u1eb7c Tr\u1eafng","og_url":"https:\/\/test1.cmsmart.net\/vthouse\/san-pham\/o-cam-dien-thong-minh\/","og_site_name":"SUNTHAO Smarthome","og_image":[{"width":600,"height":600,"url":"https:\/\/test1.cmsmart.net\/vthouse\/wp-content\/uploads\/2021\/03\/o-cam-dien-thong-minh-1.jpg","type":"image\/jpeg"}],"twitter_card":"summary_large_image","twitter_misc":{"\u01af\u1edbc t\u00ednh th\u1eddi gian \u0111\u1ecdc":"2 ph\u00fat"},"schema":{"@context":"https:\/\/schema.org","@graph":[{"@type":"WebPage","@id":"https:\/\/test1.cmsmart.net\/vthouse\/san-pham\/o-cam-dien-thong-minh\/","url":"https:\/\/test1.cmsmart.net\/vthouse\/san-pham\/o-cam-dien-thong-minh\/","name":"\u1ed4 c\u1eafm \u0111i\u1ec7n th\u00f4ng minh - SUNTHAO Smarthome","isPartOf":{"@id":"https:\/\/test1.cmsmart.net\/vthouse\/#website"},"datePublished":"2021-03-04T17:17:44+00:00","dateModified":"2021-03-04T17:17:44+00:00","breadcrumb":{"@id":"https:\/\/test1.cmsmart.net\/vthouse\/san-pham\/o-cam-dien-thong-minh\/#breadcrumb"},"inLanguage":"vi","potentialAction":[{"@type":"ReadAction","target":["https:\/\/test1.cmsmart.net\/vthouse\/san-pham\/o-cam-dien-thong-minh\/"]}]},{"@type":"BreadcrumbList","@id":"https:\/\/test1.cmsmart.net\/vthouse\/san-pham\/o-cam-dien-thong-minh\/#breadcrumb","itemListElement":[{"@type":"ListItem","position":1,"name":"Trang ch\u1ee7","item":"https:\/\/test1.cmsmart.net\/vthouse\/"},{"@type":"ListItem","position":2,"name":"S\u1ea3n ph\u1ea9m","item":"https:\/\/test1.cmsmart.net\/vthouse\/san-pham\/"},{"@type":"ListItem","position":3,"name":"\u1ed4 c\u1eafm \u0111i\u1ec7n th\u00f4ng minh"}]},{"@type":"WebSite","@id":"https:\/\/test1.cmsmart.net\/vthouse\/#website","url":"https:\/\/test1.cmsmart.net\/vthouse\/","name":"SUNTHAO Smarthome","description":"","potentialAction":[{"@type":"SearchAction","target":{"@type":"EntryPoint","urlTemplate":"https:\/\/test1.cmsmart.net\/vthouse\/?s={search_term_string}"},"query-input":"required name=search_term_string"}],"inLanguage":"vi"}]}},"_links":{"self":[{"href":"https:\/\/test1.cmsmart.net\/vthouse\/wp-json\/wp\/v2\/product\/1197"}],"collection":[{"href":"https:\/\/test1.cmsmart.net\/vthouse\/wp-json\/wp\/v2\/product"}],"about":[{"href":"https:\/\/test1.cmsmart.net\/vthouse\/wp-json\/wp\/v2\/types\/product"}],"wp:featuredmedia":[{"embeddable":true,"href":"https:\/\/test1.cmsmart.net\/vthouse\/wp-json\/wp\/v2\/media\/1198"}],"wp:attachment":[{"href":"https:\/\/test1.cmsmart.net\/vthouse\/wp-json\/wp\/v2\/media?parent=1197"}],"wp:term":[{"taxonomy":"product_cat","embeddable":true,"href":"https:\/\/test1.cmsmart.net\/vthouse\/wp-json\/wp\/v2\/product_cat?post=1197"},{"taxonomy":"product_tag","embeddable":true,"href":"https:\/\/test1.cmsmart.net\/vthouse\/wp-json\/wp\/v2\/product_tag?post=1197"}],"curies":[{"name":"wp","href":"https:\/\/api.w.org\/{rel}","templated":true}]}}