{"id":1149,"date":"2021-03-04T23:05:39","date_gmt":"2021-03-04T16:05:39","guid":{"rendered":"http:\/\/homegy.sonqb.com\/?page_id=1149"},"modified":"2021-03-04T23:22:19","modified_gmt":"2021-03-04T16:22:19","slug":"he-sinh-thai","status":"publish","type":"page","link":"https:\/\/test1.cmsmart.net\/vthouse\/he-sinh-thai\/","title":{"rendered":"H\u1ec7 sinh th\u00e1i"},"content":{"rendered":"\t<section class=\"section\" id=\"section_206702691\">\n\t\t<div class=\"bg section-bg fill bg-fill bg-loaded bg-loaded\" >\n\n\t\t\t\n\t\t\t\n\t\t\t\n\n\t\t<\/div>\n\n\t\t<div class=\"section-content relative\">\n\t\t\t\n\t<div class=\"img has-hover x md-x lg-x y md-y lg-y\" id=\"image_2111087994\">\n\t\t\t\t\t\t\t\t<div class=\"img-inner dark\" >\n\t\t\t<img loading=\"lazy\" decoding=\"async\" width=\"1843\" height=\"940\" src=\"https:\/\/test1.cmsmart.net\/vthouse\/wp-content\/uploads\/2021\/03\/he-sinh-thai.jpg\" class=\"attachment-large size-large\" alt=\"He Sinh Thai\" srcset=\"https:\/\/test1.cmsmart.net\/vthouse\/wp-content\/uploads\/2021\/03\/he-sinh-thai.jpg 1843w, https:\/\/test1.cmsmart.net\/vthouse\/wp-content\/uploads\/2021\/03\/he-sinh-thai-768x392.jpg 768w, https:\/\/test1.cmsmart.net\/vthouse\/wp-content\/uploads\/2021\/03\/he-sinh-thai-1536x783.jpg 1536w, https:\/\/test1.cmsmart.net\/vthouse\/wp-content\/uploads\/2021\/03\/he-sinh-thai-600x306.jpg 600w\" sizes=\"(max-width: 1843px) 100vw, 1843px\" \/>\t\t\t\t\t\t\n\t\t\t\t\t<\/div>\n\t\t\t\t\t\t\t\t\n<style>\n#image_2111087994 {\n  width: 100%;\n}\n<\/style>\n\t<\/div>\n\t\n\t<div id=\"gap-1649441231\" class=\"gap-element clearfix\" style=\"display:block; height:auto;\">\n\t\t\n<style>\n#gap-1649441231 {\n  padding-top: 20px;\n}\n<\/style>\n\t<\/div>\n\t\n\t<div id=\"text-1257823946\" class=\"text\">\n\t\t\n<h2>H\u1ec7 sinh th\u00e1i<\/h2>\n\t\t\n<style>\n#text-1257823946 {\n  text-align: center;\n}\n<\/style>\n\t<\/div>\n\t\n<div class=\"text-center\"><div class=\"is-divider divider clearfix\" style=\"margin-top:0.5em;margin-bottom:0.5em;max-width:60px;height:5px;background-color:rgb(52, 140, 203);\"><\/div><\/div>\n\t<div id=\"gap-884690966\" class=\"gap-element clearfix\" style=\"display:block; height:auto;\">\n\t\t\n<style>\n#gap-884690966 {\n  padding-top: 15px;\n}\n<\/style>\n\t<\/div>\n\t\n<div class=\"row row-large align-middle item-gp\"  id=\"row-66699442\">\n\n\t<div id=\"col-59116626\" class=\"col col-img medium-5 small-12 large-5\"  >\n\t\t<div class=\"col-inner\"  >\n\t\t\t\n\t\t\t\n\t<div class=\"img has-hover x md-x lg-x y md-y lg-y\" id=\"image_1960843404\">\n\t\t\t\t\t\t\t\t<div class=\"img-inner image-zoom dark\" >\n\t\t\t<img loading=\"lazy\" decoding=\"async\" width=\"1600\" height=\"1200\" src=\"https:\/\/test1.cmsmart.net\/vthouse\/wp-content\/uploads\/2021\/03\/homegylagi.png\" class=\"attachment-large size-large\" alt=\"Homegylagi\" srcset=\"https:\/\/test1.cmsmart.net\/vthouse\/wp-content\/uploads\/2021\/03\/homegylagi.png 1600w, https:\/\/test1.cmsmart.net\/vthouse\/wp-content\/uploads\/2021\/03\/homegylagi-768x576.png 768w, https:\/\/test1.cmsmart.net\/vthouse\/wp-content\/uploads\/2021\/03\/homegylagi-1536x1152.png 1536w, https:\/\/test1.cmsmart.net\/vthouse\/wp-content\/uploads\/2021\/03\/homegylagi-600x450.png 600w\" sizes=\"(max-width: 1600px) 100vw, 1600px\" \/>\t\t\t\t\t\t\n\t\t\t\t\t<\/div>\n\t\t\t\t\t\t\t\t\n<style>\n#image_1960843404 {\n  width: 100%;\n}\n<\/style>\n\t<\/div>\n\t\n\t\t<\/div>\n\t\t\t<\/div>\n\n\t\n\n\t<div id=\"col-1455274211\" class=\"col medium-7 small-12 large-7\"  >\n\t\t<div class=\"col-inner text-left\"  >\n\t\t\t\n\t\t\t\n\t<div id=\"text-728861949\" class=\"text\">\n\t\t\n<h3>H\u1ec7 sinh th\u00e1i &#8220;Homegy&#8221; l\u00e0 g\u00ec?<br \/>\n<\/h3>\n\t\t\n<style>\n#text-728861949 {\n  color: #004b97;\n}\n#text-728861949 > * {\n  color: #004b97;\n}\n<\/style>\n\t<\/div>\n\t\n<div class=\"is-divider divider clearfix\" style=\"max-width:50px;height:5px;background-color:rgb(0, 75, 151);\"><\/div>\n<p>Homegy l\u00e0 b\u1ed9 ti\u1ec7n \u00edch m\u1edf r\u1ed9ng \u0111\u01b0\u1ee3c t\u00edch h\u1ee3p v\u00e0o nh\u00e0 th\u00f4ng minh Homegy. C\u00e1c s\u1ea3n ph\u1ea9m c\u00f4ng ngh\u1ec7 \u201cHomegy&#8221; nh\u01b0 Apple Home, Google Assistant, Alexa, Camera th\u00f4ng minh Hikvision, kh\u00f3a Yale&#8230; c\u00f3 th\u1ec3 \u0111\u01b0\u1ee3c \u0111i\u1ec1u khi\u1ec3n \u0111\u1ed3ng b\u1ed9 v\u1edbi thi\u1ebft b\u1ecb c\u1ee7a Homegy b\u1eb1ng app Homegy tr\u00ean Smartphone.\n<\/p>\n\t\t<\/div>\n\t\t\t<\/div>\n\n\t\n\n<style>\n#row-66699442 > .col > .col-inner {\n  border-radius: 10px;\n}\n<\/style>\n<\/div>\n<div class=\"row row-large align-middle item-gp\"  id=\"row-20268341\">\n\n\t<div id=\"col-1631334922\" class=\"col medium-7 small-12 large-7\"  >\n\t\t<div class=\"col-inner text-left\"  >\n\t\t\t\n\t\t\t\n\t<div id=\"text-384229048\" class=\"text\">\n\t\t\n<h3>T\u00edch h\u1ee3p th\u00e0nh c\u00f4ng h\u1ec7 sinh th\u00e1i Apple<br \/>\n<\/h3>\n\t\t\n<style>\n#text-384229048 {\n  color: #004b97;\n}\n#text-384229048 > * {\n  color: #004b97;\n}\n<\/style>\n\t<\/div>\n\t\n<div class=\"is-divider divider clearfix\" style=\"max-width:50px;height:5px;background-color:rgb(0, 75, 151);\"><\/div>\n<p>C\u00e1c t\u00edn \u0111\u1ed3 c\u1ee7a Apple ho\u00e0n to\u00e0n c\u00f3 th\u1ec3 \u0111i\u1ec1u khi\u1ec3n ng\u00f4i nh\u00e0 th\u00f4ng minh Homegy qua iPhone, iPad, Apple watch ho\u1eb7c b\u1eb1ng gi\u1ecdng n\u00f3i qua Tr\u1ee3 l\u00fd \u1ea3o Siri.\n<\/p>\n\t\t<\/div>\n\t\t\t<\/div>\n\n\t\n\n\t<div id=\"col-2100442849\" class=\"col col-img medium-5 small-12 large-5\"  >\n\t\t<div class=\"col-inner\"  >\n\t\t\t\n\t\t\t\n\t<div class=\"img has-hover x md-x lg-x y md-y lg-y\" id=\"image_728485788\">\n\t\t\t\t\t\t\t\t<div class=\"img-inner image-zoom dark\" >\n\t\t\t<img loading=\"lazy\" decoding=\"async\" width=\"1600\" height=\"1200\" src=\"https:\/\/test1.cmsmart.net\/vthouse\/wp-content\/uploads\/2021\/03\/apple.png\" class=\"attachment-large size-large\" alt=\"Apple\" srcset=\"https:\/\/test1.cmsmart.net\/vthouse\/wp-content\/uploads\/2021\/03\/apple.png 1600w, https:\/\/test1.cmsmart.net\/vthouse\/wp-content\/uploads\/2021\/03\/apple-768x576.png 768w, https:\/\/test1.cmsmart.net\/vthouse\/wp-content\/uploads\/2021\/03\/apple-1536x1152.png 1536w, https:\/\/test1.cmsmart.net\/vthouse\/wp-content\/uploads\/2021\/03\/apple-600x450.png 600w\" sizes=\"(max-width: 1600px) 100vw, 1600px\" \/>\t\t\t\t\t\t\n\t\t\t\t\t<\/div>\n\t\t\t\t\t\t\t\t\n<style>\n#image_728485788 {\n  width: 100%;\n}\n<\/style>\n\t<\/div>\n\t\n\t\t<\/div>\n\t\t\t<\/div>\n\n\t\n\n<style>\n#row-20268341 > .col > .col-inner {\n  border-radius: 10px;\n}\n<\/style>\n<\/div>\n<div class=\"row row-large align-middle item-gp\"  id=\"row-94850916\">\n\n\t<div id=\"col-1517662320\" class=\"col col-img medium-5 small-12 large-5\"  >\n\t\t<div class=\"col-inner\"  >\n\t\t\t\n\t\t\t\n\t<div class=\"img has-hover x md-x lg-x y md-y lg-y\" id=\"image_501272683\">\n\t\t\t\t\t\t\t\t<div class=\"img-inner image-zoom dark\" >\n\t\t\t<img loading=\"lazy\" decoding=\"async\" width=\"1600\" height=\"1200\" src=\"https:\/\/test1.cmsmart.net\/vthouse\/wp-content\/uploads\/2021\/03\/google.png\" class=\"attachment-large size-large\" alt=\"Google\" srcset=\"https:\/\/test1.cmsmart.net\/vthouse\/wp-content\/uploads\/2021\/03\/google.png 1600w, https:\/\/test1.cmsmart.net\/vthouse\/wp-content\/uploads\/2021\/03\/google-768x576.png 768w, https:\/\/test1.cmsmart.net\/vthouse\/wp-content\/uploads\/2021\/03\/google-1536x1152.png 1536w, https:\/\/test1.cmsmart.net\/vthouse\/wp-content\/uploads\/2021\/03\/google-600x450.png 600w\" sizes=\"(max-width: 1600px) 100vw, 1600px\" \/>\t\t\t\t\t\t\n\t\t\t\t\t<\/div>\n\t\t\t\t\t\t\t\t\n<style>\n#image_501272683 {\n  width: 100%;\n}\n<\/style>\n\t<\/div>\n\t\n\t\t<\/div>\n\t\t\t<\/div>\n\n\t\n\n\t<div id=\"col-604967268\" class=\"col medium-7 small-12 large-7\"  >\n\t\t<div class=\"col-inner text-left\"  >\n\t\t\t\n\t\t\t\n\t<div id=\"text-2455690057\" class=\"text\">\n\t\t\n<h3>T\u00edch h\u1ee3p Google Assistant<br \/>\n<\/h3>\n\t\t\n<style>\n#text-2455690057 {\n  color: #004b97;\n}\n#text-2455690057 > * {\n  color: #004b97;\n}\n<\/style>\n\t<\/div>\n\t\n<div class=\"is-divider divider clearfix\" style=\"max-width:50px;height:5px;background-color:rgb(0, 75, 151);\"><\/div>\n<p>Nh\u00e0 th\u00f4ng minh Homegy v\u01b0\u1ee3t qua nh\u1eefng ti\u00eau chu\u1ea9n ki\u1ec3m \u0111\u1ecbnh kh\u1eaft khe c\u1ee7a Google, cho ph\u00e9p ng\u01b0\u1eddi d\u00f9ng \u0111i\u1ec1u khi\u1ec3n ng\u00f4i nh\u00e0 th\u00f4ng qua tr\u1ee3 l\u00fd \u1ea3o Google Assistant.\n<\/p>\n\t\t<\/div>\n\t\t\t<\/div>\n\n\t\n\n<style>\n#row-94850916 > .col > .col-inner {\n  border-radius: 10px;\n}\n<\/style>\n<\/div>\n<div class=\"row row-large align-middle item-gp\"  id=\"row-1429213559\">\n\n\t<div id=\"col-1784591551\" class=\"col medium-7 small-12 large-7\"  >\n\t\t<div class=\"col-inner text-left\"  >\n\t\t\t\n\t\t\t\n\t<div id=\"text-664068964\" class=\"text\">\n\t\t\n<h3>T\u00edch h\u1ee3p tr\u1ee3 l\u00fd \u1ea3o Alexa<br \/>\n<\/h3>\n\t\t\n<style>\n#text-664068964 {\n  color: #004b97;\n}\n#text-664068964 > * {\n  color: #004b97;\n}\n<\/style>\n\t<\/div>\n\t\n<div class=\"is-divider divider clearfix\" style=\"max-width:50px;height:5px;background-color:rgb(0, 75, 151);\"><\/div>\n<p>T\u00edch h\u1ee3p th\u00e0nh c\u00f4ng t\u00ednh n\u0103ng \u0111i\u1ec1u khi\u1ec3n b\u1eb1ng gi\u1ecdng n\u00f3i th\u00f4ng qua tr\u1ee3 l\u00fd \u1ea3o Alexa, Homegy ch\u00ednh th\u1ee9c tr\u1edf th\u00e0nh m\u1ed9t trong nh\u1eefng \u0111\u01a1n v\u1ecb ti\u00ean phong t\u1ea1i Vi\u1ec7t Nam n\u00e2ng t\u1ea7m c\u00f4ng ngh\u1ec7 nh\u00e0 th\u00f4ng minh.\n<\/p>\n\t\t<\/div>\n\t\t\t<\/div>\n\n\t\n\n\t<div id=\"col-1486870123\" class=\"col col-img medium-5 small-12 large-5\"  >\n\t\t<div class=\"col-inner\"  >\n\t\t\t\n\t\t\t\n\t<div class=\"img has-hover x md-x lg-x y md-y lg-y\" id=\"image_360539793\">\n\t\t\t\t\t\t\t\t<div class=\"img-inner image-zoom dark\" >\n\t\t\t<img loading=\"lazy\" decoding=\"async\" width=\"1600\" height=\"1200\" src=\"https:\/\/test1.cmsmart.net\/vthouse\/wp-content\/uploads\/2021\/03\/alexa.png\" class=\"attachment-large size-large\" alt=\"Alexa\" srcset=\"https:\/\/test1.cmsmart.net\/vthouse\/wp-content\/uploads\/2021\/03\/alexa.png 1600w, https:\/\/test1.cmsmart.net\/vthouse\/wp-content\/uploads\/2021\/03\/alexa-768x576.png 768w, https:\/\/test1.cmsmart.net\/vthouse\/wp-content\/uploads\/2021\/03\/alexa-1536x1152.png 1536w, https:\/\/test1.cmsmart.net\/vthouse\/wp-content\/uploads\/2021\/03\/alexa-600x450.png 600w\" sizes=\"(max-width: 1600px) 100vw, 1600px\" \/>\t\t\t\t\t\t\n\t\t\t\t\t<\/div>\n\t\t\t\t\t\t\t\t\n<style>\n#image_360539793 {\n  width: 100%;\n}\n<\/style>\n\t<\/div>\n\t\n\t\t<\/div>\n\t\t\t<\/div>\n\n\t\n\n<style>\n#row-1429213559 > .col > .col-inner {\n  border-radius: 10px;\n}\n<\/style>\n<\/div>\n\t\t<\/div>\n\n\t\t\n<style>\n#section_206702691 {\n  padding-top: 0px;\n  padding-bottom: 0px;\n}\n<\/style>\n\t<\/section>\n\t\n","protected":false},"excerpt":{"rendered":"","protected":false},"author":1,"featured_media":0,"parent":0,"menu_order":0,"comment_status":"closed","ping_status":"closed","template":"page-blank.php","meta":{"inline_featured_image":false,"footnotes":""},"yoast_head":"<!-- This site is optimized with the Yoast SEO plugin v20.8 - https:\/\/yoast.com\/wordpress\/plugins\/seo\/ -->\n<title>H\u1ec7 sinh th\u00e1i - SUNTHAO Smarthome<\/title>\n<meta name=\"robots\" content=\"noindex, follow, max-snippet:-1, max-image-preview:large, max-video-preview:-1\" \/>\n<meta property=\"og:locale\" content=\"vi_VN\" \/>\n<meta property=\"og:type\" content=\"article\" \/>\n<meta property=\"og:title\" content=\"H\u1ec7 sinh th\u00e1i - SUNTHAO Smarthome\" \/>\n<meta property=\"og:url\" content=\"https:\/\/test1.cmsmart.net\/vthouse\/he-sinh-thai\/\" \/>\n<meta property=\"og:site_name\" content=\"SUNTHAO Smarthome\" \/>\n<meta property=\"article:modified_time\" content=\"2021-03-04T16:22:19+00:00\" \/>\n<meta name=\"twitter:card\" content=\"summary_large_image\" \/>\n<meta name=\"twitter:label1\" content=\"\u01af\u1edbc t\u00ednh th\u1eddi gian \u0111\u1ecdc\" \/>\n\t<meta name=\"twitter:data1\" content=\"1 ph\u00fat\" \/>\n<script type=\"application\/ld+json\" class=\"yoast-schema-graph\">{\"@context\":\"https:\/\/schema.org\",\"@graph\":[{\"@type\":\"WebPage\",\"@id\":\"https:\/\/test1.cmsmart.net\/vthouse\/he-sinh-thai\/\",\"url\":\"https:\/\/test1.cmsmart.net\/vthouse\/he-sinh-thai\/\",\"name\":\"H\u1ec7 sinh th\u00e1i - SUNTHAO Smarthome\",\"isPartOf\":{\"@id\":\"https:\/\/test1.cmsmart.net\/vthouse\/#website\"},\"datePublished\":\"2021-03-04T16:05:39+00:00\",\"dateModified\":\"2021-03-04T16:22:19+00:00\",\"breadcrumb\":{\"@id\":\"https:\/\/test1.cmsmart.net\/vthouse\/he-sinh-thai\/#breadcrumb\"},\"inLanguage\":\"vi\",\"potentialAction\":[{\"@type\":\"ReadAction\",\"target\":[\"https:\/\/test1.cmsmart.net\/vthouse\/he-sinh-thai\/\"]}]},{\"@type\":\"BreadcrumbList\",\"@id\":\"https:\/\/test1.cmsmart.net\/vthouse\/he-sinh-thai\/#breadcrumb\",\"itemListElement\":[{\"@type\":\"ListItem\",\"position\":1,\"name\":\"Trang ch\u1ee7\",\"item\":\"https:\/\/test1.cmsmart.net\/vthouse\/\"},{\"@type\":\"ListItem\",\"position\":2,\"name\":\"H\u1ec7 sinh th\u00e1i\"}]},{\"@type\":\"WebSite\",\"@id\":\"https:\/\/test1.cmsmart.net\/vthouse\/#website\",\"url\":\"https:\/\/test1.cmsmart.net\/vthouse\/\",\"name\":\"SUNTHAO Smarthome\",\"description\":\"\",\"potentialAction\":[{\"@type\":\"SearchAction\",\"target\":{\"@type\":\"EntryPoint\",\"urlTemplate\":\"https:\/\/test1.cmsmart.net\/vthouse\/?s={search_term_string}\"},\"query-input\":\"required name=search_term_string\"}],\"inLanguage\":\"vi\"}]}<\/script>\n<!-- \/ Yoast SEO plugin. -->","yoast_head_json":{"title":"H\u1ec7 sinh th\u00e1i - SUNTHAO Smarthome","robots":{"index":"noindex","follow":"follow","max-snippet":"max-snippet:-1","max-image-preview":"max-image-preview:large","max-video-preview":"max-video-preview:-1"},"og_locale":"vi_VN","og_type":"article","og_title":"H\u1ec7 sinh th\u00e1i - SUNTHAO Smarthome","og_url":"https:\/\/test1.cmsmart.net\/vthouse\/he-sinh-thai\/","og_site_name":"SUNTHAO Smarthome","article_modified_time":"2021-03-04T16:22:19+00:00","twitter_card":"summary_large_image","twitter_misc":{"\u01af\u1edbc t\u00ednh th\u1eddi gian \u0111\u1ecdc":"1 ph\u00fat"},"schema":{"@context":"https:\/\/schema.org","@graph":[{"@type":"WebPage","@id":"https:\/\/test1.cmsmart.net\/vthouse\/he-sinh-thai\/","url":"https:\/\/test1.cmsmart.net\/vthouse\/he-sinh-thai\/","name":"H\u1ec7 sinh th\u00e1i - SUNTHAO Smarthome","isPartOf":{"@id":"https:\/\/test1.cmsmart.net\/vthouse\/#website"},"datePublished":"2021-03-04T16:05:39+00:00","dateModified":"2021-03-04T16:22:19+00:00","breadcrumb":{"@id":"https:\/\/test1.cmsmart.net\/vthouse\/he-sinh-thai\/#breadcrumb"},"inLanguage":"vi","potentialAction":[{"@type":"ReadAction","target":["https:\/\/test1.cmsmart.net\/vthouse\/he-sinh-thai\/"]}]},{"@type":"BreadcrumbList","@id":"https:\/\/test1.cmsmart.net\/vthouse\/he-sinh-thai\/#breadcrumb","itemListElement":[{"@type":"ListItem","position":1,"name":"Trang ch\u1ee7","item":"https:\/\/test1.cmsmart.net\/vthouse\/"},{"@type":"ListItem","position":2,"name":"H\u1ec7 sinh th\u00e1i"}]},{"@type":"WebSite","@id":"https:\/\/test1.cmsmart.net\/vthouse\/#website","url":"https:\/\/test1.cmsmart.net\/vthouse\/","name":"SUNTHAO Smarthome","description":"","potentialAction":[{"@type":"SearchAction","target":{"@type":"EntryPoint","urlTemplate":"https:\/\/test1.cmsmart.net\/vthouse\/?s={search_term_string}"},"query-input":"required name=search_term_string"}],"inLanguage":"vi"}]}},"_links":{"self":[{"href":"https:\/\/test1.cmsmart.net\/vthouse\/wp-json\/wp\/v2\/pages\/1149"}],"collection":[{"href":"https:\/\/test1.cmsmart.net\/vthouse\/wp-json\/wp\/v2\/pages"}],"about":[{"href":"https:\/\/test1.cmsmart.net\/vthouse\/wp-json\/wp\/v2\/types\/page"}],"author":[{"embeddable":true,"href":"https:\/\/test1.cmsmart.net\/vthouse\/wp-json\/wp\/v2\/users\/1"}],"replies":[{"embeddable":true,"href":"https:\/\/test1.cmsmart.net\/vthouse\/wp-json\/wp\/v2\/comments?post=1149"}],"version-history":[{"count":0,"href":"https:\/\/test1.cmsmart.net\/vthouse\/wp-json\/wp\/v2\/pages\/1149\/revisions"}],"wp:attachment":[{"href":"https:\/\/test1.cmsmart.net\/vthouse\/wp-json\/wp\/v2\/media?parent=1149"}],"curies":[{"name":"wp","href":"https:\/\/api.w.org\/{rel}","templated":true}]}}