{"id":3911,"date":"2024-06-03T13:24:15","date_gmt":"2024-06-03T11:24:15","guid":{"rendered":"https:\/\/test1.cmsmart.net\/candy\/?post_type=product&#038;p=3911"},"modified":"2024-06-03T13:44:06","modified_gmt":"2024-06-03T11:44:06","slug":"cake-topper-friseur-friseurin-mit-name-und-zahl","status":"publish","type":"product","link":"https:\/\/test1.cmsmart.net\/candy\/produkt\/cake-topper-friseur-friseurin-mit-name-und-zahl\/","title":{"rendered":"Cake Topper Friseur\/Friseurin mit Name und Zahl"},"content":{"rendered":"<p>\u00dcberraschen Sie den Friseur oder die Friseurin in Ihrem Leben mit einem besonderen Cake Topper in Herzform. Unser &#8222;Friseur\/Friseurin&#8220; Cake Topper ist mit typischen Friseur-Accessoires gestaltet und kann mit dem Namen und der Zahl Ihrer Wahl personalisiert werden.<\/p>\n<p>Erh\u00e4ltlich in verschiedenen Farben und Gr\u00f6\u00dfen, f\u00fcgt dieser Topper jeder Torte eine pers\u00f6nliche und professionelle Note hinzu. W\u00e4hlen Sie aus einer Vielzahl von Farben, um den perfekten Look f\u00fcr Ihre Feier zu finden.<\/p>\n","protected":false},"excerpt":{"rendered":"<p>Personalisierbarer Cake Topper in Herzform mit Friseur-Accessoires, Name und Zahl, in verschiedenen Farben und Gr\u00f6\u00dfen erh\u00e4ltlich. Perfekt f\u00fcr Friseure und Friseurinnen.<\/p>\n","protected":false},"featured_media":3925,"comment_status":"open","ping_status":"closed","template":"","meta":[],"product_brand":[],"product_cat":[50,18,60,57],"product_tag":[],"class_list":{"0":"post-3911","1":"product","2":"type-product","3":"status-publish","4":"has-post-thumbnail","6":"product_cat-acryl-holz-cake-toppers","7":"product_cat-cake-toppers","8":"product_cat-name","9":"product_cat-sport-hobby-beruf-acryl-holz","10":"product_shipping_class-warenpost","11":"wcpa_has_options","13":"first","14":"instock","15":"taxable","16":"shipping-taxable","17":"purchasable","18":"product-type-variable"},"_links":{"self":[{"href":"https:\/\/test1.cmsmart.net\/candy\/wp-json\/wp\/v2\/product\/3911","targetHints":{"allow":["GET"]}}],"collection":[{"href":"https:\/\/test1.cmsmart.net\/candy\/wp-json\/wp\/v2\/product"}],"about":[{"href":"https:\/\/test1.cmsmart.net\/candy\/wp-json\/wp\/v2\/types\/product"}],"replies":[{"embeddable":true,"href":"https:\/\/test1.cmsmart.net\/candy\/wp-json\/wp\/v2\/comments?post=3911"}],"wp:featuredmedia":[{"embeddable":true,"href":"https:\/\/test1.cmsmart.net\/candy\/wp-json\/wp\/v2\/media\/3925"}],"wp:attachment":[{"href":"https:\/\/test1.cmsmart.net\/candy\/wp-json\/wp\/v2\/media?parent=3911"}],"wp:term":[{"taxonomy":"product_brand","embeddable":true,"href":"https:\/\/test1.cmsmart.net\/candy\/wp-json\/wp\/v2\/product_brand?post=3911"},{"taxonomy":"product_cat","embeddable":true,"href":"https:\/\/test1.cmsmart.net\/candy\/wp-json\/wp\/v2\/product_cat?post=3911"},{"taxonomy":"product_tag","embeddable":true,"href":"https:\/\/test1.cmsmart.net\/candy\/wp-json\/wp\/v2\/product_tag?post=3911"}],"curies":[{"name":"wp","href":"https:\/\/api.w.org\/{rel}","templated":true}]}}