{"id":2328,"date":"2022-12-09T13:37:59","date_gmt":"2022-12-09T12:37:59","guid":{"rendered":"https:\/\/test1.cmsmart.net\/candy\/?post_type=product&#038;p=2328"},"modified":"2024-03-20T21:50:44","modified_gmt":"2024-03-20T20:50:44","slug":"personalisierter-papier-cake-topper-baby-einhorn-mit-ziffer-1-in-pastellfarben","status":"publish","type":"product","link":"https:\/\/test1.cmsmart.net\/candy\/produkt\/personalisierter-papier-cake-topper-baby-einhorn-mit-ziffer-1-in-pastellfarben\/","title":{"rendered":"Personalisierter Papier-Cake-Topper &#8211; Baby Einhorn mit Ziffer &#8222;1&#8220; in Pastellfarben"},"content":{"rendered":"<p>Unser Papier-Cake-Topper mit einem niedlichen Baby-Einhorn-Motiv und der Ziffer &#8222;1&#8220; f\u00fcr das erste Lebensjahr, gehalten in sanften Pastellfarben, bietet eine bezaubernde und individuelle Dekoration f\u00fcr den besonderen Anlass Ihrer kleinen Prinzessin.<\/p>\n<p>Hergestellt aus hochwertigem Papier, verleiht dieser Topper Ihrer Torte oder Desserts eine m\u00e4rchenhafte und festliche Atmosph\u00e4re. Das entz\u00fcckende Baby-Einhorn-Motiv, die Ziffer &#8222;1&#8220; und die sanften Pastellfarben machen ihn zum strahlenden Highlight auf der Feier.<\/p>\n<p>Die Anwendung ist unkompliziert und passt perfekt auf verschiedene Arten von Kuchen und Desserts. Verleihen Sie dem ersten Geburtstag Ihrer kleinen Prinzessin mit diesem Baby-Einhorn-Cake-Topper eine zauberhafte und pers\u00f6nliche Note.<\/p>\n","protected":false},"excerpt":{"rendered":"<div class=\"flex-1 overflow-hidden\">\n<div class=\"react-scroll-to-bottom--css-fjbsi-79elbk h-full\">\n<div class=\"react-scroll-to-bottom--css-fjbsi-1n7m0yu\">\n<div class=\"flex flex-col pb-9 text-sm\">\n<div class=\"w-full text-token-text-primary\" data-testid=\"conversation-turn-109\">\n<div class=\"px-4 py-2 justify-center text-base md:gap-6 m-auto\">\n<div class=\"flex flex-1 text-base mx-auto gap-3 md:px-5 lg:px-1 xl:px-5 md:max-w-3xl lg:max-w-[40rem] xl:max-w-[48rem] group final-completion\">\n<div class=\"relative flex w-full flex-col lg:w-[calc(100%-115px)] agent-turn\">\n<div class=\"flex-col gap-1 md:gap-3\">\n<div class=\"flex flex-grow flex-col max-w-full\">\n<div class=\"min-h-[20px] text-message flex flex-col items-start gap-3 whitespace-pre-wrap break-words [.text-message+&amp;]:mt-5 overflow-x-auto\" data-message-author-role=\"assistant\" data-message-id=\"a18a441b-1f95-4036-8612-651752f765df\">\n<div class=\"markdown prose w-full break-words dark:prose-invert light\">\n<p>Zelebrieren Sie den ersten Geburtstag Ihrer kleinen Prinzessin mit unserem personalisierten Papier-Cake-Topper im Baby-Einhorn-Motiv. Das entz\u00fcckende Einhorn, die Ziffer &#8222;1&#8220; und die sanften Pastellfarben schaffen eine m\u00e4rchenhafte Atmosph\u00e4re f\u00fcr diesen besonderen Tag<\/p>\n<\/div>\n<\/div>\n<\/div>\n<div class=\"mt-1 flex justify-start gap-3 empty:hidden\">\n<div class=\"text-gray-400 flex self-end lg:self-center justify-center lg:justify-start mt-0 gap-1 visible\">\n<div class=\"flex items-center gap-1.5 text-xs\"><\/div>\n<\/div>\n<\/div>\n<\/div>\n<\/div>\n<\/div>\n<\/div>\n<\/div>\n<\/div>\n<\/div>\n<\/div>\n<\/div>\n<div class=\"w-full pt-2 md:pt-0 dark:border-white\/20 md:border-transparent md:dark:border-transparent md:w-[calc(100%-.5rem)]\">\n<form class=\"stretch mx-2 flex flex-row gap-3 last:mb-2 md:mx-4 md:last:mb-6 lg:mx-auto lg:max-w-2xl xl:max-w-3xl\">\n<div class=\"relative flex h-full flex-1 items-stretch md:flex-col\">\n<div class=\"flex w-full items-center\"><\/div>\n<\/div>\n<\/form>\n<\/div>\n","protected":false},"featured_media":2400,"comment_status":"open","ping_status":"closed","template":"","meta":[],"product_brand":[],"product_cat":[63,81,18,69,78,51,15],"product_tag":[],"class_list":{"0":"post-2328","1":"product","2":"type-product","3":"status-publish","4":"has-post-thumbnail","6":"product_cat-alter-ziffern","7":"product_cat-baby-girl-kinder-papier-cake-toppers","8":"product_cat-cake-toppers","9":"product_cat-kinder-papier-cake-toppers","10":"product_cat-maedchen","11":"product_cat-papier-cake-toppers","12":"product_cat-unkategorisiert","13":"product_shipping_class-warenpost","15":"first","16":"instock","17":"taxable","18":"shipping-taxable","19":"purchasable","20":"product-type-variable"},"_links":{"self":[{"href":"https:\/\/test1.cmsmart.net\/candy\/wp-json\/wp\/v2\/product\/2328","targetHints":{"allow":["GET"]}}],"collection":[{"href":"https:\/\/test1.cmsmart.net\/candy\/wp-json\/wp\/v2\/product"}],"about":[{"href":"https:\/\/test1.cmsmart.net\/candy\/wp-json\/wp\/v2\/types\/product"}],"replies":[{"embeddable":true,"href":"https:\/\/test1.cmsmart.net\/candy\/wp-json\/wp\/v2\/comments?post=2328"}],"wp:featuredmedia":[{"embeddable":true,"href":"https:\/\/test1.cmsmart.net\/candy\/wp-json\/wp\/v2\/media\/2400"}],"wp:attachment":[{"href":"https:\/\/test1.cmsmart.net\/candy\/wp-json\/wp\/v2\/media?parent=2328"}],"wp:term":[{"taxonomy":"product_brand","embeddable":true,"href":"https:\/\/test1.cmsmart.net\/candy\/wp-json\/wp\/v2\/product_brand?post=2328"},{"taxonomy":"product_cat","embeddable":true,"href":"https:\/\/test1.cmsmart.net\/candy\/wp-json\/wp\/v2\/product_cat?post=2328"},{"taxonomy":"product_tag","embeddable":true,"href":"https:\/\/test1.cmsmart.net\/candy\/wp-json\/wp\/v2\/product_tag?post=2328"}],"curies":[{"name":"wp","href":"https:\/\/api.w.org\/{rel}","templated":true}]}}